y - 3*h + 2529 = 0. What is the highest common factor of 36 and y?
36
Suppose 14*h + 103 = 229. Let p be -2 + (1 - 1) + (43 - 2). Calculate the greatest common factor of h and p.
3
Suppose -4 = 6*d - 4*d. Let v be (1100/d)/(11 - 12). Suppose 0 = 12*t - 10*t - v. What is the highest common factor of 25 and t?
25
Let t be (-2 - 4)/((-9)/6). Suppose 772*z - 7495 = 17209. What is the highest common divisor of t and z?
4
Let b be -60*(168/(-392) + 114/(-28)). Calculate the greatest common divisor of b and 51570.
270
Let i be 916 + (-7)/(-14)*(-8 + 0). Calculate the highest common factor of 128 and i.
16
Let n(m) = m**3 - 15*m**2 + 9*m + 76. Let g be n(16). What is the highest common factor of 595 and g?
119
Let v be 264/396 + (-454)/(-3). What is the greatest common divisor of v and 513?
19
Let i(x) = 45*x - 1381. Let w be i(33). What is the highest common factor of w and 6656?
104
Suppose 37 - 821 = -56*t. Calculate the highest common divisor of 4886 and t.
14
Let c = -1384 + 1545. Calculate the greatest common factor of 721 and c.
7
Let x be 1785/84 - (15/(-4) - -3). Calculate the greatest common divisor of 3971 and x.
11
Let x be (17/(374/660))/(2 - 1). Calculate the greatest common factor of 180 and x.
30
Let a(w) = w**3 + 11*w**2 - 63*w - 21. Suppose 5*x = -5, -3*n - 5*x + 40 = -6*n. Let h be a(n). Calculate the highest common divisor of 222 and h.
6
Suppose 35 - 14 = -2*y + 5*d, 0 = 2*y - 2*d + 6. Suppose -4*b = -t - 7*b + 141, 275 = y*t - b. Calculate the greatest common divisor of 69 and t.
69
Let r(i) = -i**3 + 96*i**2 - 13*i + 1608. Let x be r(96). What is the highest common divisor of 1950 and x?
30
Let a be ((-6)/(-60))/(2/27568) + (-1268)/3170. What is the greatest common factor of a and 1431?
53
Let y be 1496 + -4 + (-9 - -18). Calculate the highest common factor of 316 and y.
79
Let h(n) = n**2 - 12*n - 7. Suppose -2 = 3*y - 4*y. Let i(j) = 7*j. Let z be i(y). Let x be h(z). What is the highest common divisor of 7 and x?
7
Suppose 2*m = k + 1773, k - 1942 = -2*m - 163. Calculate the greatest common divisor of 333 and m.
111
Let i(l) = -l**2 + 39*l + 93. Let n be i(-2). Calculate the highest common divisor of n and 397.
1
Let w(v) = 14*v + 4329. Let n be w(-59). What is the greatest common factor of n and 31?
31
Let s(x) = x**2 + 3*x + 4. Let u be s(3). Let b = -4 + u. Suppose 3*d = -y + 48, 5*y + 5*d - 308 = -48. What is the greatest common factor of y and b?
18
Let y = -251 + 250. Let a(l) = -4*l**3 - l**2 + l + 1. Let q be a(y). Calculate the highest common divisor of 12 and q.
3
Let q = 612 + -518. Let f be -20*3/(-6) + 0. Suppose -4*o - 2*m = -q, f = -o + 2*m + 46. What is the highest common divisor of 26 and o?
26
Let y(h) = h**3 + 10*h**2 - h - 8. Suppose 11*i = 15*i + 40. Let v be y(i). Suppose -v*d = -d - 24. Calculate the greatest common factor of 24 and d.
24
Suppose -3*o + 1104 = -2213 + 419. What is the highest common divisor of o and 276?
138
Let n(m) = 11*m**2 - 14 - 40 + 5*m**2 - 15*m**2 - 21*m. Let i be n(-3). What is the greatest common divisor of 90 and i?
18
Let o(n) = -5*n - 45. Let v be o(-19). Let i be (6/5)/((-3)/(-100)). Suppose 6*t = 8*t - i. What is the greatest common factor of v and t?
10
Let f be 4 - -3*(1 - 2). Let i = 23 - 23. Suppose i = -7*x + 5 + 107. Calculate the highest common factor of f and x.
1
Let p(g) = g**2 + 3*g - 12. Let s be p(-5). Let z be (6/(-1))/(-1 + s). Calculate the highest common divisor of z and 8.
2
Suppose -8835 = 52*r - 100459. What is the highest common factor of 2 and r?
2
Suppose 4*r - 66 = 2*c, -5*r + 2*c = -243 + 164. Calculate the greatest common factor of r and 1781.
13
Suppose 0 = -18*d + 5*d + 988. Suppose 0 = -4*p - k - 264, 0 = -3*p + 4*k - 208 + 29. Let v = p + 179. What is the greatest common divisor of v and d?
38
Let s = 13562 - 10434. What is the greatest common divisor of s and 736?
184
Let s(t) = -16*t**2 + 107*t - 3. Let u be s(3). Suppose -165*c - 1260 = -u*c. Calculate the greatest common factor of c and 350.
70
Suppose 29*l - 26*l = 12. Suppose l*n - 220 = 3*r, -83 = -5*n + 3*r + 195. Calculate the highest common divisor of 174 and n.
58
Suppose 0 = 41*g - 53*g. Suppose -3*p + 964 = 4*f, g*p - 3*p = -3*f - 978. Calculate the highest common divisor of 12 and p.
12
Let i be 8/(-10)*230/4. Let x = 76 + i. Suppose 9*q - 4*q = x. What is the highest common divisor of q and 9?
3
Let w = 25 - -5. Let n be (36/10)/(252/8400). What is the highest common divisor of n and w?
30
Suppose 5*l - z = 53, -l + z = -1 - 8. Let s = 7 + l. Suppose 5*n - 2*n - s = 0. Calculate the greatest common factor of 3 and n.
3
Let j(k) = -5*k**2 + 3*k + 12. Let s be j(-3). Let d be s/(((-54)/(-4))/(-9)). Calculate the greatest common divisor of d and 12.
4
Let z(f) = f**2 - 9*f + 5762. Let w be z(0). What is the highest common divisor of 43 and w?
43
Let k = 5649 + -5554. What is the greatest common factor of 1596 and k?
19
Let z(v) = 4*v - 6. Let m be z(2). Let h be (-20)/4 + 1 + m. Let r be 6/12 + 1*(-91)/h. Calculate the highest common divisor of 69 and r.
23
Suppose -2*f + 2*j = -10, -5052*f + 5047*f = -4*j - 28. What is the highest common factor of f and 2880?
8
Let b be (0 + 507/(-6))*2. Let r be (b/(-2))/((-1)/(-2)). Let i be (1/2)/(((-3)/(-18))/((-234)/(-54))). What is the highest common divisor of r and i?
13
Suppose -9457*o + 9515*o - 2552 = 0. What is the highest common factor of 50 and o?
2
Suppose 0 = -0*i - 4*i + 56. Suppose 2*q - i = -q + 2*u, 0 = -2*q + 4*u + 4. Let c be ((-1)/(2/(-13)))/(q/12). What is the greatest common divisor of 39 and c?
13
Let c(d) = 20*d + 111. Let p be c(-6). Let o be (-2)/p + 119/126*76. What is the greatest common factor of o and 180?
36
Let v = -650 - -1026. Suppose 3*r = -4*g - 317, -4*r - 57 = -5*g + v. Let j = r + 116. Calculate the highest common factor of 99 and j.
9
Let f = -35 + 34. Let s be (17 - 19)/(f*1/2). Suppose 2*q - 2*t + 40 = s*q, -t + 92 = 5*q. Calculate the highest common factor of 198 and q.
18
Suppose 0 = -2*b + 10. Suppose -5*r = -7*k - 22, 30 = -1656*r + 1657*r + 5*k. Calculate the greatest common divisor of b and r.
5
Let b = 7 + -7. Suppose 2*u + 0 + 22 = b. Let h = 25 + u. Calculate the greatest common divisor of h and 14.
14
Suppose 4*m + 4*r = 0, -3*m + 5*m + r + 3 = 0. Let g be ((-27)/4)/m*1360/102. Suppose 19*k - 22*k = -g. What is the greatest common factor of 30 and k?
10
Suppose 2*h + 2*j = 6364, -4*h - 5*j + 9975 = -2751. Calculate the highest common divisor of h and 64.
16
Let f = 166 - -134. Let t = 33456 - 33056. Calculate the highest common divisor of t and f.
100
Suppose 1254 = -5*f - 5*f + 13*f. Calculate the highest common factor of 242 and f.
22
Suppose 642 = -130*w + 4269 + 793. What is the highest common divisor of w and 7?
1
Let p = 293 + -471. Let z be 22/33*(-1 - p). What is the highest common factor of 295 and z?
59
Let q be 15/17 + -1 + (-453435570)/(-5865). What is the highest common factor of 302 and q?
302
Suppose -4*j + 718 = -2*p, 3*p = 38 - 17. Calculate the highest common factor of 1037 and j.
61
Suppose 9 = -0*k + k. Suppose 2*u = 5*x - 8, 6 = -39*x + 42*x. What is the highest common factor of u and k?
1
Suppose -32 = -3*f + 4*o, -5*o - 37 = -5*f + 18. Let m be (2 - -1)/((-6)/(-8)). Calculate the greatest common factor of m and f.
4
Let d(v) = -247 + 10*v - 251 - 250 + 743. Suppose -3*j - 17 = 4*g, -3*j + 4*g + 4 + 19 = 0. Let f be d(j). What is the highest common factor of f and 20?
5
Let q = 66 + -26. Suppose 12 = -r - 4*l, -r - 4*r + q = -5*l. Let x be -96*r/(-6) - 0. What is the greatest common factor of x and 8?
8
Suppose 3545 = 5*j - 4*v, 0 = j - 5*v - 189 - 499. What is the greatest common factor of 46 and j?
23
Let p(o) = 29*o**2 - 31*o - 167. Let h be p(7). What is the greatest common divisor of h and 2867?
61
Let r = -717 - -741. What is the greatest common divisor of 96 and r?
24
Suppose 115 - 133 = -9*q. Let w be 1/(q/4) + -1 + 3. What is the greatest common divisor of 2 and w?
2
Suppose -3*l - 69 = -237. Suppose 12*j + 9*j + 44 = 926. Calculate the greatest common divisor of l and j.
14
Suppose -1725 = -5*k + 5*w, 179 = -2*k + 4*w + 859. Suppose 13*j - 196 = k. What is the highest common factor of 126 and j?
42
Let y be 2/6 + (-166)/(-6). Let g = -368 + 486. Let k = -7